ose 3*o - 4*o = -3*z - 12, -2*o + 3*z = -18. Let l(i) = i + 7. Let m be l(-5). Let q be -6*(m - (o + -3)). Calculate the highest common factor of 48 and q.
6
Let f be (2/4)/(-2*(-2)/32). What is the highest common factor of 44 and f?
4
Let s = -16 - -18. Suppose 2*z + s*z - 84 = 0. Calculate the greatest common factor of 3 and z.
3
Suppose 7*p = 2*p + 1260. Suppose -n - n + p = 0. What is the highest common factor of 18 and n?
18
Suppose 1 = -4*q + 17. Suppose -q*a + 49 = m - 4*m, -2*m = -a + 6. Calculate the greatest common factor of 2 and a.
2
Suppose -5*z - 4*d + 37 = -d, 3*z - 4*d + 1 = 0. What is the greatest common divisor of 35 and z?
5
Suppose 0 = 4*p - 89 - 55. Let i = -12 - -17. Let l = -1 + i. Calculate the highest common divisor of p and l.
4
Suppose f - 3*d - 24 = 0, 2*f - 4*d + 120 = 7*f. Suppose 2*x + 0 - f = 0. What is the highest common divisor of x and 8?
4
Let m = -167 - -299. Let l be 2*(-1 + -2 + 9). Calculate the greatest common divisor of m and l.
12
Suppose 9*w + 0*w = 180. Calculate the highest common factor of w and 16.
4
Suppose 2*s = 3*g + 16, 2*s - 8 = 4*g - 3*g. Suppose -f = -4*c + 1, -2*f - c + 12 = -s*c. What is the highest common divisor of f and 35?
7
Let t be 8/(2 + (1 - 1)). Suppose 0 = u + t*u - 210. Suppose -u = -0*a - 3*a. Calculate the highest common factor of 126 and a.
14
Suppose 3*l - 3*a = 2*a + 144, -2*a = -3*l + 144. Let u(w) = 9*w + 3. Let m be u(1). What is the greatest common factor of l and m?
12
Let l = 10 - 0. What is the highest common factor of l and 80?
10
Let w be (5 + -11)*-1*(-6)/(-4). What is the greatest common factor of w and 1?
1
Suppose -2*m - 3*m + 10 = 0. Let l be (20/15)/(m/291). Suppose 58 - l = -4*b. What is the greatest common divisor of b and 17?
17
Suppose 0 = -3*j, -4*j + 30 = -4*p + 6. Let b(a) = -a**3 - 6*a**2 - a - 1. Let s be b(p). Calculate the greatest common divisor of s and 5.
5
Let j = -4 + 9. Let h(k) = -k**3 + 6*k**2 - 5*k. Let u be h(j). Suppose -2*t - 5*r + 6 = 0, 4 = -u*r - r. What is the highest common divisor of t and 117?
13
Let a = -9 + 13. Let v(t) = -5*t**2 + t**3 - 4*t**3 - 5*t + 4*t**3 - 5. Let b be v(6). What is the highest common divisor of b and a?
1
Suppose 0*w + 2*w = -4*i + 102, -3*i = -4*w - 71. Suppose -3*r + 4*r = 500. Let y be (-6)/(-15)*r/4. What is the greatest common factor of y and i?
25
Let u be 4/2*33/6. Calculate the greatest common factor of u and 22.
11
Let p be ((-2)/4)/((-2)/44). What is the highest common divisor of 99 and p?
11
Let l = 101 + -85. Calculate the greatest common factor of l and 12.
4
Let c(a) = 14*a - 6. Let d be c(4). Let x be (27/6 - 3)*(-30)/(-9). Calculate the greatest common divisor of x and d.
5
Suppose 6*w - 2*w = 4. Let t = w - -1. Let h = t - -2. Calculate the highest common factor of h and 36.
4
Let g(o) = -o**3 + o**2 + o. Let m be g(-1). Let c(d) = -d**2 - d + 1. Let k be c(m). Let b be k + 2/(-2) + 8. Calculate the highest common factor of 3 and b.
3
Let r be 251/4 + (-4)/(-16). Suppose 1 + r = 4*h. Let n be 172/h - (-1)/4. Calculate the highest common factor of n and 22.
11
Let o be 1 + (-3)/((-6)/4). Let x = -10 + 25. Calculate the greatest common factor of o and x.
3
Suppose 0*k - 3*b = -k + 23, 0 = -5*k + 2*b + 128. Calculate the greatest common divisor of k and 26.
26
Let j(t) = -t**3 - 2*t**2 + 3*t. Let z be j(4). Let d be z/(-6)*(-6)/(-4). What is the greatest common factor of 147 and d?
21
Let z = 5 - 2. Suppose z*y = y + 6. What is the highest common factor of y and 12?
3
Let h = -34 + 46. What is the highest common divisor of 6 and h?
6
Suppose 11*g = 7*g + 16. What is the highest common factor of g and 28?
4
Let z(a) = -a + 16. Let g be z(13). Calculate the greatest common divisor of 27 and g.
3
Suppose 4*k = -u - 6, u + 4 = -3*k + 2. Suppose -11*i + 8*i = -12. What is the highest common divisor of u and i?
2
Let h(s) = 7*s**2 + 26*s - 12. Let o be h(6). What is the greatest common divisor of 36 and o?
36
Let c(d) = -d**3 - 3*d**2 - 1. Let b be c(-4). Let y be (-669)/(-5) + 1 - 3/(-15). What is the greatest common factor of y and b?
15
Let m(c) be the second derivative of -c**4/12 + c**3/6 + 7*c**2/2 + c. Let l be m(0). Suppose 2*x - 26 = 100. What is the highest common divisor of x and l?
7
Let s be 1*(81 + (-12)/3). Let g = -9 + 16. Calculate the highest common factor of s and g.
7
Suppose -3*t - 4*u + 10 = 0, 5*t - 7 = 4*u - 1. Let y be (-2 - -148) + (-4)/t. What is the greatest common divisor of y and 18?
18
Let c(s) be the first derivative of 6*s + 7/3*s**3 - 2 + 11/2*s**2 - 1/4*s**4. Let t be c(8). What is the greatest common factor of t and 20?
10
Suppose 24 = 7*y - 3*y. What is the highest common divisor of y and 54?
6
Let p = 43 + -15. Calculate the highest common factor of 4 and p.
4
Let k be ((-72)/10)/((-6)/20). What is the highest common divisor of 36 and k?
12
Let q = 72 + -28. Suppose -5*h = -0*h - 2*r + 1, 4*h - 2*r = 0. Let t = 12 + h. What is the highest common divisor of q and t?
11
Let c be (-246)/(-12) - 1/2. Suppose -10 = -5*l + c. Calculate the greatest common divisor of 6 and l.
6
Let m(x) = -3*x**3 - 2*x**2 - x. Let y be m(-2). Let p = 30 - y. Calculate the greatest common factor of p and 3.
3
Let m(t) = -t**2 - 19*t - 36. Let k be m(-11). Suppose 2*d - 40 = -2*d. Let x be 4/d - 126/(-10). What is the greatest common divisor of x and k?
13
Suppose 12 = 8*h - 4*h. Suppose h*w - 126 = w. Calculate the highest common factor of 9 and w.
9
Let f = -43 - -1. Let d be 119/6 + (-7)/f. What is the highest common factor of 30 and d?
10
Let p(c) = -2*c + 20. Let x be p(-7). Calculate the greatest common factor of x and 272.
34
Let w = 24 - 15. Let l be (w - -5)*(-12)/(-14). What is the greatest common factor of 12 and l?
12
Let p(w) = w**2 - 13*w + 2. Let z be p(11). Let n be (-152)/z + (-9)/15. Let b = 3 + n. What is the greatest common divisor of b and 50?
10
Let n(p) = 76*p**2 + 2*p - 4. Let f be n(3). Let h = f - 477. What is the greatest common factor of h and 19?
19
Let n = 165 - 150. What is the highest common divisor of n and 120?
15
Let j be (2 + -7 - 3/(-1))*-1. Suppose 2*m - 10 = -4, -5*u = -3*m - 21. Calculate the highest common divisor of j and u.
2
Let b(p) = 2*p**2 + p + 2. Let j be b(-6). Let z = j - -53. Suppose l + 44 = 5*l. Calculate the highest common divisor of z and l.
11
Suppose -2*a + 6 = -0. Suppose a*v - 43 = 5*j, 0 = -4*v - j - 10 + 98. Let y = 21 + 0. Calculate the highest common divisor of y and v.
21
Suppose 0 = -0*b + b - 16. Let r be 3/(12/(-158))*2. Let n = r - -119. Calculate the highest common factor of b and n.
8
Let h = 6 - -14. Let s be (28/6)/(1/(-3)). Let z = s - -44. What is the highest common divisor of z and h?
10
Let c(f) = f**3 + f + 8. Let a be c(0). Let i(x) = -8*x + 3 + 1565*x**2 - 1562*x**2 - 5. Let d be i(a). What is the greatest common divisor of d and 14?
14
Let d(n) = -47*n**2. Let v be d(-1). Let s = v - -110. Suppose -j = 2*j - s. What is the greatest common factor of 14 and j?
7
Suppose -90 = 5*a + 120. Let u be ((-8)/(-12))/((-4)/a). What is the greatest common factor of u and 21?
7
Let n(p) be the third derivative of -p**6/120 + p**5/12 + p**4/6 - 7*p**3/6 + p**2. Let g be n(5). What is the greatest common factor of 13 and g?
13
Let v be 12/2*(-66)/(-4). Let q be (-92)/(-10) - (3/15 - 0). What is the highest common divisor of v and q?
9
Let t(c) = -c**3 - 9*c**2 - 7*c + 9. Let l be t(-8). What is the greatest common factor of 9 and l?
1
Let u(f) = 11*f - 4. Let g be u(4). Let w be 2 + (3 - (-2 + 3)). Suppose 2*y - 10 = -2*j, w*y = 6*y + 4*j. Calculate the highest common factor of g and y.
10
Let c be 45/4 + (-15)/(-20). Calculate the greatest common divisor of 12 and c.
12
Suppose 4*c - 25 = 3*v, 4*v = -c - 2*c. What is the highest common divisor of c and 32?
4
Let m be -1 + -3 + 3 - -1. Suppose -2*n + m*n = -122. Let r = 86 - n. What is the highest common factor of r and 10?
5
Let p = 34 - 22. Suppose -3*u + 94 + 158 = 0. Calculate the greatest common divisor of u and p.
12
Suppose 0 = -4*n + 18 + 14. Suppose -21 = -2*u + 19. What is the highest common factor of u and n?
4
Let p be (2 - 4/3) + (-20)/(-6). Suppose -6 = -2*g + 2. What is the highest common factor of g and p?
4
Let j(f) = -125*f**2 + 2*f + 1. Let l be